e remainder when z is divided by t.
10
Let d = -95 - -143. Let j = -25 - -43. What is the remainder when d is divided by j?
12
Let x = 104 - 82. What is the remainder when 195 is divided by x?
19
Let c = 3098 + -3079. Let j = 22 + 51. Calculate the remainder when j is divided by c.
16
Let s(q) = 2*q + 18. Let l be s(-8). Suppose -3*n - 31 = -3*m + m, -34 = -l*m + 2*n. What is the remainder when m is divided by 11?
9
Let i = 601 - 587. What is the remainder when 158 is divided by i?
4
Let o = 4 + 0. Suppose 0 = o*t - 20, 2*k - 6*k - 3*t = -99. Calculate the remainder when 60 is divided by k.
18
Calculate the remainder when (-236)/((-6)/3)*2 is divided by 29.
4
Let q(k) = k**2 - 3*k - 5. Let n be q(-4). Let t = 60 - n. What is the remainder when t is divided by 10?
7
Calculate the remainder when 7/2 - 565/(-10) is divided by 18.
6
What is the remainder when 91 is divided by -1*2 - 6*(-121)/66?
1
Let y(h) = -10*h - 79. What is the remainder when y(-9) is divided by 8?
3
Let c = 25 - 21. Let u be ((-6)/4)/(c/(-8)). Suppose k - u*k = -118. What is the remainder when k is divided by 12?
11
Let y(f) = -2*f + 9. Let u be y(6). Let v be 22*(u + (-6)/(-3)). Let h = 7 - v. Calculate the remainder when 85 is divided by h.
27
Let h(g) = -29*g - 161. Calculate the remainder when 62 is divided by h(-6).
10
Suppose -7*w + 2*w + 805 = 0. What is the remainder when w is divided by ((-41)/(-2))/((-46)/(-92))?
38
Suppose 3*y - 263 = -188. What is the remainder when 321 is divided by y?
21
Calculate the remainder when 2/(-14) + 1825/35 is divided by 18.
16
Suppose x = 46 - 1. What is the remainder when 267 is divided by x?
42
What is the remainder when 205 is divided by (2884/(-56))/((-1)/2)?
102
What is the remainder when 17 is divided by (300/105)/(12/42)?
7
Suppose p + 4 + 51 = 4*s, -3*s + 47 = 5*p. Suppose -55*a + 1781 - 296 = 0. What is the remainder when a is divided by s?
13
Let c be 114/4*((-14)/(-21) - 0). Let j = c + 10. Suppose 0 = 2*t + 4*f - 130, 0*t + 135 = 2*t + 5*f. What is the remainder when t is divided by j?
26
Calculate the remainder when 40 is divided by 0 - (-9)/((-36)/(-88)).
18
Suppose -4*h = -h - 48. Suppose 4*j - 3*s = h, j + j - 22 = -2*s. Suppose 5*d + 16 = 6*d. What is the remainder when d is divided by j?
2
Let m = 833 + -545. Calculate the remainder when m is divided by 49.
43
Let x = 117 - 83. Suppose -q + 3*o - 95 = -5*q, 120 = 5*q + 5*o. Let a = q + -14. What is the remainder when x is divided by a?
7
Let d be (2/(-1))/(16/(-136)). Let b = -2 - -30. Let r = b - d. Calculate the remainder when 31 is divided by r.
9
Suppose 5*t - 54 = -2*v, 1 + 5 = t + 2*v. Let w = -94 + 153. Calculate the remainder when w is divided by t.
11
Suppose 2*m - 4*y = m + 456, 5*y = -4*m + 1803. Calculate the remainder when m is divided by 35.
32
Let n(b) = 24*b**2. Let u be (1 + 2)*(3 + (-52)/(-12)). What is the remainder when (-4)/u + 22792/242 is divided by n(1)?
22
Calculate the remainder when (-4)/(-8)*(-1242)/(-1) is divided by 25.
21
Let v = 14 - 8. Suppose -g - 74 = 91. Calculate the remainder when 50 is divided by g/(-12) - v/8.
11
Suppose 0*t = 3*t - 42. Let s = t + -12. Suppose -s*u + 164 = 38. What is the remainder when u is divided by 22?
19
Suppose 3*c + c + 380 = 5*k, 0 = -2*k - 4*c + 152. Suppose -3*o + k = o. Calculate the remainder when 55 is divided by o.
17
Suppose 0 = -8*o + 5*o + 9. Suppose -4*g + 95 = a, -o*g + 4*a + 54 = -a. Calculate the remainder when 60 is divided by g.
14
Let l(p) = 2*p**3 + 40*p**2 + 32*p + 94. What is the remainder when l(-19) is divided by 35?
33
Calculate the remainder when 470 is divided by (266/(-399))/(1 + (-13)/12).
6
Calculate the remainder when 71 is divided by -2*(-10 + 5 + -6).
5
Let x(d) = 14*d**2 + 2*d - 1. Let t(u) = u**2. Let c(h) = 5*t(h) + x(h). Calculate the remainder when c(1) is divided by 11.
9
Let f be (3/(-6))/((-3)/78). Let z = 17 - f. Suppose -3*v + 9 = 0, 5*v - 70 = -a - z*a. Calculate the remainder when 30 is divided by a.
8
Calculate the remainder when 1*-1*(45 - 188) is divided by 49.
45
Suppose 0 = 81*o - 70*o - 77. Calculate the remainder when 84 is divided by o.
0
Let p be 1*1*-21 + -3. Let t = -17 - p. What is the remainder when t is divided by 5?
2
Let f be (5*(-6)/(-45))/((-2)/(-6)). Suppose 0 = -k + 1. Suppose -k - f = -b. What is the remainder when 6 is divided by b?
0
Let d be 18/(-30) + (-66)/(-10). Suppose -2*s + 12 = 2*o, 3*o + 5*s = o. What is the remainder when 278/d + 2/3 is divided by o?
7
Suppose 0 = o + 2, 0 = -2*d + 2*o + o + 8. Let m be (d + 1)*(-2)/(-2). Let v(w) = -w**2 + 3*w + 2. Calculate the remainder when 5 is divided by v(m).
1
Suppose -h = -d - 0*d - 26, -5*h - 5*d = -130. Let t(o) = -o**3 + 9*o**2 + 11*o. Let y be t(10). Calculate the remainder when h is divided by (4 - 2) + -3 + y.
8
Suppose -4*z + 4*l = 5*l - 68, -z + 24 = 2*l. What is the remainder when 4/(-2) + 93/3 is divided by z?
13
Let u = 69 + -54. Calculate the remainder when 103 is divided by u.
13
Suppose 61*h = 28*h + 2739. Calculate the remainder when h is divided by 23.
14
What is the remainder when 64 is divided by 150/(-4)*86/(-129)?
14
Suppose -80*z + 82*z - 14 = 0. Calculate the remainder when 148 is divided by z.
1
Calculate the remainder when 3 - 1955/(-5 + 0) is divided by 59.
40
Let n be (-8)/(-6) - 96/(-36). Suppose z + 0*z + 3*u = 9, 5*z - n*u + 12 = 0. Let j = z - -8. Calculate the remainder when 30 is divided by j.
6
Let y(h) = 16*h - 136. What is the remainder when 52 is divided by y(9)?
4
Let z = 522 + -140. Suppose -z - 104 = -3*a. Calculate the remainder when a is divided by 41.
39
Let l = -291 + 305. Calculate the remainder when l is divided by 5.
4
Suppose 5*f = -0*f + 5*x - 5, x - 1 = -3*f. Let v = 9 + -6. Suppose -67 = -5*n + v*z, -n - 4*z = -f*n + 5. What is the remainder when 30 is divided by n?
8
Suppose 7*q - 330 = -4*q. What is the remainder when q is divided by 0 + (4/(-2) - -13)?
8
Suppose n + 65 = -3*w + 6*n, 5*w + 3*n = -97. Let b = 37 + w. What is the remainder when 62 is divided by b?
11
Let n be ((-1)/2 - -2)*-4. Calculate the remainder when 31 is divided by n/4*(-8 - -2).
4
Let n(c) = c**3 + 12*c**2 - 14*c - 7. Let q be n(-13). What is the remainder when 114 is divided by -23*((-6)/18)/(2/q)?
22
Suppose -5*m = -5*p + 135, -p - 3*m = -3 - 4. Suppose 419*i - 1530 = 401*i. What is the remainder when i is divided by p?
19
What is the remainder when (-3 + 5)*1284/24 is divided by 24?
11
Suppose 5*j - 5*d = 0, 5*j - 2*d = 3 + 6. What is the remainder when (26/2)/(j - 2) is divided by 3?
1
Let t = -41 - -119. Let d = t - 66. What is the remainder when 21 is divided by d?
9
Calculate the remainder when 231 is divided by (-3)/((-41)/10 + 4).
21
Let s = 123 + -140. Let p = s + 37. Calculate the remainder when 74 is divided by p.
14
Suppose -3*o - 13 = -5*o - 3*p, -p = -4*o + 5. Let r be (o/(-8))/(1/(-4)). Suppose c - 11 = r. What is the remainder when 33 is divided by c?
9
Suppose 10 - 10 = -5*t. Suppose t*y = 8*y - 744. What is the remainder when y is divided by 48?
45
Let t(q) = 36*q + 13 - 70*q + 30*q. Suppose -k - z + 22 = -3*k, -3*k - z = 33. What is the remainder when t(k) is divided by 10?
7
Let u = -707 + 812. Let k = -5 - -3. What is the remainder when u is divided by 3/((-19)/(-9) + k)?
24
Suppose -3*c + c - 14 = 0. Let x be c/21 - 79/(-3). Suppose -6 + x = 5*z. What is the remainder when 17 is divided by z?
1
Let t = -734 + 747. What is the remainder when 1764 is divided by t?
9
Let q = 19 + -7. Let g be ((-28)/21)/(4/(-6)). Suppose 10*v + g*v = 84. What is the remainder when q is divided by v?
5
Let l(c) = c**2 + c + 1. Let x(d) = -8*d**2 - 8*d + 19. Let s(r) = -6*l(r) - x(r). What is the remainder when 56 is divided by s(-5)?
11
Suppose 4*z + 4*k + 176 = 8*z, 5*k = 10. What is the remainder when 228 is divided by z?
44
Suppose -132*x + 840 = -122*x. What is the remainder when 418 is divided by x?
82
Let q(u) = 2*u**2 + 18*u. Suppose 73 = 4*n + 13. Calculate the remainder when q(-12) is divided by n.
12
Let z(b) = -b**2 - 10*b + 30. Let c(s) = 19*s**2 + 4*s + 3. What is the remainder when c(-2) is divided by z(-11)?
14
Suppose 22 = 140*a - 139*a. Calculate the remainder when 81 is divided by a.
15
Let y(o) = 11*o - 15. Suppose 8*r - 50 = 6. Calculat